5*(-35)/2068663625) composite?
False
Let i = 171 - 147. Suppose 0 = 7*q - i*q + 2737. Is q a prime number?
False
Let q(f) = 3*f**2 - 2*f - 1. Let d be q(4). Let a = d - 35. Let r(b) = b**2 + 7*b - 9. Is r(a) composite?
True
Let q = -603 - -1044. Suppose 3*v = -n + 2134 - q, -559 = -v - 3*n. Is v a prime number?
False
Let b be (-2 + 3)/((-65)/70 - -1). Suppose -26248 = -b*k + 6*k. Is k a composite number?
True
Is 7*((-1825202)/1015)/((-4)/10) a prime number?
True
Let n(v) = v**3 - v**2 - 2*v + 143. Let j be (55 + -3)/2 - 2. Let a = -24 + j. Is n(a) a composite number?
True
Suppose 5*l - 137 + 2 = 0. Suppose -p + 8*y - 12*y - 19 = 0, 4*y + 21 = p. Is ((3 - 4) + l)*p a prime number?
False
Suppose 4*h = 4, -i + h = -2*h - 7010. Is i a composite number?
False
Let r(q) = -q**2 - 3*q + 6. Let z be r(2). Is (1956/z)/(-7 - -6) prime?
False
Let r = -6622 - -3911. Let u = r + 3996. Is u prime?
False
Let f(t) = -4134*t**3 + t**2 + t - 1. Let m be f(1). Suppose 0 = -2*r - 2147 - 2145. Let j = r - m. Is j composite?
False
Suppose 22715 = 3*r - 9202. Is r a composite number?
False
Let n(x) = x**3 - 24*x**2 + 50*x - 43. Let k be n(22). Let c be (k/(-3)*1)/(27/(-405)). Suppose -29*j + 28*j = -c. Is j a composite number?
True
Suppose -90*a - 35846 + 1219976 = 0. Is a composite?
True
Let c(n) = -19*n + 62. Let j be c(-18). Suppose -j - 2373 = -y. Is y composite?
False
Let b = 622 + -3407. Let a = 3336 - b. Is a composite?
False
Let g(h) = -h**3 + h**2 + h. Let q(i) = 3*i**3 - 7*i**2 + 2*i + 2. Let y(v) = 2*g(v) + q(v). Let c be y(4). Is 583 + (2 + -4)/(c/(-4)) composite?
False
Let s(k) = 44*k**2 - k + 4. Let h(z) = -2*z**3 - 3*z**2. Let c be h(-2). Suppose 3*r + 4*a = -3, c*a = 3*r + 2*a - 15. Is s(r) prime?
True
Suppose 3*g = -s + 115441, 0 = -5*s + 105*g - 103*g + 577307. Is s prime?
True
Let n(c) = 705*c**2 + c + 2. Let h be n(2). Let l = -1547 + h. Is l a composite number?
False
Suppose 0 = 220*j - 223*j + f + 1739580, 4*f - 2899351 = -5*j. Is j prime?
False
Is 48742231/(-692)*-2*2 a composite number?
False
Let g be -16 - -11 - 22049/(-1). Let p = -2273 + g. Is p a prime number?
False
Let n be ((-4)/5)/(-7 - (-33)/5). Suppose 2*d - 40 = 6*d + 2*x, -d + n*x - 10 = 0. Is (d - (7 - 13))*2095/(-4) composite?
True
Let s = -1554 + 819. Let y = 4534 - s. Is y a prime number?
False
Let d = 41521 - 5954. Is d a composite number?
True
Suppose -48*t - 1908216 + 1842278 + 9265762 = 0. Is t a composite number?
True
Is ((-4)/(-28)*35)/(-5) - (-79223 + -1) prime?
False
Let l(y) = y**3 - 2*y**2 + 5*y - 22. Let r be l(3). Suppose -76338 = -11*s + r*s. Is s prime?
False
Let k(i) = -63*i**3 + 4*i**2 + 4*i - 6. Let u be k(-3). Suppose 6*p + u = -3*p. Let w = 402 + p. Is w prime?
True
Let o = -42818 - -74575. Is o a prime number?
False
Suppose 37*i = -129*i - 109870 + 772044. Is i composite?
False
Is 13610502/117 - (189/182 + -1)*2 a prime number?
True
Let v be 6/15 + (-26306)/(-35). Let s be 14/(-4) - (-2)/4. Is s/(-3) + v + -2 a prime number?
True
Suppose 57*b = 5856833 + 782869. Is b composite?
True
Suppose 5*z + 5*u - 434815 = 0, -434893 = 16*z - 21*z + 8*u. Is z a prime number?
True
Suppose 0 = x + 2*y - 185839, 2*y + y - 6*y = 0. Is x a composite number?
True
Let p(q) = -q**2 - 11*q - 10. Let l be p(-10). Suppose l = -19*j + 18*j + 1303. Is j composite?
False
Let d = -120 + 26. Let z = 101 + d. Suppose 0 = k - 46 - z. Is k a prime number?
True
Let o(n) = -6 + 3 - 23*n**3 + 22 + 7901*n**2 - 7921*n**2 + 13*n + 24. Is o(-9) composite?
False
Let v(w) = w**3 + w - 4543. Let b be v(0). Let c = 2613 + -5027. Let o = c - b. Is o a prime number?
True
Let x(c) = -2611*c**3 - 83*c**2 - 572*c - 3. Is x(-7) a prime number?
True
Let h = 3738 + -10334. Let m = -16505 + 29006. Let a = m + h. Is a a composite number?
True
Let c = -4615 - -13266. Is c prime?
False
Let c be 1*(-2 - -5 - 1). Is c/7 - (-556155)/105 a prime number?
True
Suppose -4*j = 4*n + 1148, -3*j + n + 871 = -6*j. Is (-64167)/j*((-23)/(-3) + -1) a composite number?
True
Let f(v) = v**2 + 5*v + 34318. Let d be f(0). Is (2 - 5/2) + d/4 composite?
True
Suppose 63535 = 7*p - 139094. Let v = p - 13454. Is v a composite number?
False
Let q(k) = -2*k. Let y(i) = -3*i + 2. Let g(n) = -3*q(n) + 4*y(n). Let o be g(1). Is 10/(-10) - o*-535 a prime number?
True
Let q(w) = -42*w**2 - w - 14. Let m be q(4). Let j = 308 + m. Is 14/(-8)*(j + -6) a prime number?
False
Let n = -6783 + 12923. Suppose 2*a + 4*l - n = l, 6136 = 2*a + 5*l. Is a prime?
False
Let u(g) = -762*g - 186. Let i be u(-5). Let a = 16783 + -9519. Suppose -8*n = -i - a. Is n a composite number?
False
Let g = -110 - -115. Suppose 5*x + g*o = 50185, 0 = -2*x - 4*o - 2268 + 22342. Is x composite?
False
Suppose 2*b = -l + 1119, -2*l - 405 = 5*b - 3203. Is b + (4/14 - (-132)/28) a composite number?
True
Let a = 49003 - -436320. Is a a composite number?
True
Let u be 0 - (-1)/(4/260). Suppose -i - u = 526. Let b = 854 + i. Is b a prime number?
True
Suppose 47*g - 21*g = 372338 + 53204. Is g a prime number?
False
Suppose 4*l = 3*c + 34517, -l = 19*c - 23*c - 8639. Let y = -2524 + l. Is y prime?
False
Let i = 79348 - 37677. Suppose 19*h - 37711 = i. Is h prime?
False
Let i(a) = 21*a - 23. Let q be i(2). Let c(z) = 44*z - 39. Is c(q) prime?
True
Let s be (-12)/(-7) + 4/14. Suppose 0 = -23*t + 14756 + 9808. Suppose -2*y + t = 2*a, s*y + 632 = 2*a - 416. Is a a prime number?
False
Let h(p) be the second derivative of 43/2*p**2 - 16*p + 0 - 1/3*p**3. Is h(-21) a composite number?
True
Suppose -107*k + 195662765 - 15509407 = 47*k. Is k a composite number?
False
Let d be (-4)/6*9/(-4)*14. Let p be 74418/d + 10/105*3. Suppose -246 - p = -10*c. Is c a composite number?
False
Suppose 1030708 = -5*i + 5*l + 3390223, 0 = -5*l - 40. Is i a composite number?
True
Let c(l) = 5*l**3 - 7*l**2 - 10*l - 11. Is c(14) a composite number?
False
Let y(f) = 2*f**2 - 7*f + 8. Let l be y(3). Suppose 6*a - 2349 = l*a + 4*t, -7019 = -3*a + 5*t. Is a composite?
False
Let a = 1405 - -805. Suppose -4*x - q + 9203 = 0, 2761 = x + 5*q + 446. Suppose 0 = -g + 5*p + x, -5*p = g - a - 60. Is g a composite number?
True
Is (90/60)/((-12)/(-56)) - -464704 a composite number?
True
Let s(f) = 2*f + 14. Let l be s(-8). Let r = l - 69. Is 12/30 + (-13)/5*r prime?
False
Suppose -3*t - 6 = 0, -4*r - 2*t + 0*t = 4. Suppose r = 3*a + 1887 - 18030. Is a prime?
True
Let r(v) = -v + 21. Let d be r(7). Suppose 17*h + 5142 = d*h. Let k = h + 2973. Is k composite?
False
Let y = 7374 - 6626. Suppose 4*a - 8 = 0, r + 0*a = -5*a + 11. Is (2 + r - 2) + y/1 a composite number?
True
Suppose -2*b + 11318 = 2*z, b + 4*z = z + 5661. Let u = b - 2587. Suppose -u = -8*p + 17097. Is p prime?
True
Suppose -3*j = 12, -4*y - 2*j + 3207 = -3*y. Suppose -v + 3199 = g, 3*v - y = 2*v + 3*g. Is v composite?
False
Let s be (4/(-24)*3)/((-1)/8). Suppose 1690 = s*n - 2766. Suppose -2*c + n = -4*y, 4*y = 4*c - c - 1671. Is c a prime number?
True
Let y(k) = 2*k + 29. Let r be y(-13). Suppose 0 = -r*p - 323 + 56408. Is p a prime number?
False
Suppose 4*v + p - 150 = 0, 4*p + 40 = v + 3*p. Suppose 59*a - 26229 = v*a. Is a prime?
True
Let k(f) = -8*f + 20. Let q be k(6). Let b be (-2 - q/10) + (-33228)/(-90). Suppose 188*s + b = 190*s. Is s prime?
False
Suppose 12*u + 90556 = 13*u - 3*v, 181077 = 2*u + v. Is u prime?
False
Let q = -122674 - -31972. Is q/(-9)*(-2)/(-4) composite?
False
Let m(q) = -501*q**3 + 10*q**2 - 3*q - 53. Is m(-8) a composite number?
False
Let f(g) be the third derivative of 6*g**2 + 0*g**4 + 5/2*g**3 + 19/60*g**5 + 0 + 0*g + 1/120*g**6. Is f(-17) prime?
True
Suppose 0 = -3*l + 2*a + 3113465, -2077*a + 2081*a + 4151292 = 4*l. Is l composite?
False
Let n(c) = -2*c**3 - 92*c**2 - 220*c - 207. Is n(-73) a prime number?
True
Suppose 3*i + z = 6*i - 1405, 2335 = 5*i - 3*z. Let g(k) = 3*k**2 - 32*k + 2. Let j be g(13). Suppose -u = -i - j. Is u composite?
False
Let u = 68 + -69. Let o be (1 - 2)*(3 + 0)*u. Suppose -5760 = -o*i + h - 2*h, 15 = -5*h. Is i a prime number?
False
Suppose -999 = -3*h + 300411 + 299973. Is h prime?
True
Suppose 7*h + 140 = 21*h. Let y(p) = 8*p**2 - 25*p - 9. Is y(h) prime?
True
Let c(n) = 14*n**2 - 4*n + 24. Let g(a) = -5*a**2 + a - 8. Let d(h) = 4*c(h) + 11*g(h). Let w be d(3). Is (-1 + w)/(3/879) a prime numb